 117?
13
Calculate the greatest common factor of 3 and 1.
1
What is the greatest common divisor of 1616 and 101?
101
Calculate the highest common factor of 25 and 3125.
25
What is the greatest common divisor of 42 and 7917?
21
What is the greatest common divisor of 33 and 671?
11
Calculate the greatest common divisor of 4432 and 80.
16
What is the greatest common factor of 274 and 6?
2
Calculate the highest common factor of 221 and 2737.
17
What is the greatest common factor of 115 and 460?
115
What is the highest common factor of 1085 and 124?
31
Calculate the highest common factor of 20 and 980.
20
What is the greatest common factor of 49 and 12005?
49
What is the greatest common divisor of 1519 and 155?
31
What is the greatest common divisor of 38 and 152?
38
What is the highest common factor of 152 and 1083?
19
Calculate the highest common factor of 16 and 7.
1
Calculate the highest common divisor of 378 and 45.
9
What is the highest common factor of 12170 and 10?
10
What is the highest common divisor of 1435 and 6560?
205
Calculate the greatest common factor of 407 and 11.
11
What is the highest common factor of 1561 and 49?
7
What is the highest common factor of 690 and 20?
10
What is the highest common divisor of 9 and 603?
9
What is the greatest common factor of 18 and 153?
9
What is the greatest common factor of 630 and 45?
45
What is the highest common factor of 2268 and 84?
84
Calculate the greatest common factor of 42 and 48.
6
Calculate the greatest common divisor of 60 and 195.
15
Calculate the greatest common divisor of 1110 and 1184.
74
What is the greatest common divisor of 729 and 135?
27
What is the highest common factor of 1716 and 528?
132
What is the greatest common divisor of 782 and 170?
34
What is the greatest common divisor of 332 and 1660?
332
Calculate the greatest common divisor of 5141 and 159.
53
Calculate the highest common factor of 105 and 980.
35
What is the highest common divisor of 740 and 222?
74
What is the highest common factor of 30 and 570?
30
What is the highest common factor of 1686 and 18?
6
What is the greatest common divisor of 693 and 165?
33
What is the greatest common factor of 45 and 75?
15
What is the greatest common divisor of 145 and 319?
29
Calculate the greatest common divisor of 220 and 3850.
110
Calculate the highest common factor of 1537 and 53.
53
What is the highest common factor of 15 and 6585?
15
What is the highest common divisor of 29 and 2291?
29
Calculate the highest common divisor of 323 and 152.
19
Calculate the highest common divisor of 102 and 18.
6
Calculate the highest common factor of 22 and 143.
11
What is the greatest common factor of 4334 and 110?
22
What is the highest common factor of 80 and 200?
40
What is the greatest common factor of 938 and 70?
14
Calculate the highest common factor of 247 and 1001.
13
What is the highest common factor of 76 and 8?
4
Calculate the highest common divisor of 598 and 130.
26
What is the highest common factor of 545 and 45?
5
What is the highest common divisor of 372 and 24?
12
What is the highest common factor of 64 and 192?
64
What is the highest common factor of 252 and 108?
36
What is the highest common divisor of 156 and 1248?
156
What is the highest common divisor of 24 and 213?
3
What is the greatest common divisor of 194 and 3395?
97
What is the highest common divisor of 3959 and 148?
37
What is the highest common divisor of 22 and 1298?
22
What is the highest common factor of 75 and 25?
25
Calculate the highest common factor of 71 and 3337.
71
What is the highest common divisor of 47673 and 18?
9
What is the highest common divisor of 16978 and 52?
26
Calculate the highest common factor of 351 and 108.
27
Calculate the greatest common factor of 644 and 28.
28
What is the greatest common factor of 300 and 30?
30
What is the greatest common divisor of 26639 and 17?
17
Calculate the greatest common divisor of 3196 and 329.
47
Calculate the greatest common divisor of 105 and 2345.
35
What is the greatest common divisor of 381 and 254?
127
Calculate the highest common divisor of 18 and 459.
9
Calculate the highest common factor of 60 and 310.
10
What is the greatest common factor of 203 and 343?
7
What is the highest common divisor of 353 and 14473?
353
What is the highest common divisor of 168 and 96?
24
What is the highest common divisor of 4929 and 477?
159
What is the highest common divisor of 42 and 483?
21
What is the highest common divisor of 16 and 256?
16
What is the highest common divisor of 34 and 2?
2
Calculate the highest common divisor of 162 and 432.
54
What is the greatest common divisor of 70 and 784?
14
What is the highest common divisor of 16 and 35536?
16
Calculate the highest common divisor of 1309 and 187.
187
Calculate the greatest common divisor of 672 and 6.
6
What is the greatest common divisor of 1650 and 880?
110
Calculate the highest common factor of 473 and 1376.
43
Calculate the greatest common divisor of 130 and 78.
26
Calculate the greatest common factor of 456 and 56.
8
Calculate the greatest common divisor of 3856 and 80.
16
What is the highest common divisor of 784 and 98?
98
What is the highest common factor of 233 and 95297?
233
Calculate the greatest common divisor of 11 and 2893.
11
What is the greatest common divisor of 493 and 204?
17
What is the highest common divisor of 10 and 2430?
10
What is the highest common divisor of 7707 and 210?
21
Calculate the highest common divisor of 144 and 3216.
48
Calculate the greatest common divisor of 50 and 430.
10
What is the greatest common factor of 47 and 611?
47
What is the highest common divisor of 36 and 27?
9
What is the greatest common divisor of 129 and 4171?
43
What is the greatest common factor of 64 and 592?
16
What is the highest common factor of 23 and 1127?
23
Calculate the highest common divisor of 14 and 224.
14
What is the highest common factor of 200 and 150?
50
Calculate the highest common factor of 1 and 87.
1
Calculate the highest common divisor of 15651 and 222.
111
What is the greatest common divisor of 3 and 129?
3
Calculate the highest common factor of 15 and 1405.
5
Calculate the greatest common factor of 7 and 91.
7
Calculate the greatest common factor of 40 and 440.
40
What is the greatest common factor of 168 and 6741?
21
Calculate the highest common divisor of 3 and 3561.
3
Calculate the greatest common divisor of 225 and 5355.
45
Calculate the greatest common factor of 9 and 10479.
3
What is the highest common divisor of 1562 and 71?
71
What is the highest common factor of 20638 and 34?
34
What is the highest common divisor of 25137 and 57?
57
What is the greatest common factor of 703 and 57?
19
What is the highest common divisor of 6 and 81?
3
What is the highest common divisor of 1634 and 19?
19
What is the highest common factor of 4075 and 163?
163
What is the highest common divisor of 1850 and 814?
74
What is the greatest common factor of 4 and 254?
2
Calculate the greatest common factor of 104 and 585.
13
Calculate the highest common factor of 52 and 117.
13
What is the greatest common divisor of 205 and 14555?
205
What is the greatest common divisor of 60914 and 38?
38
What is the greatest common divisor of 2784 and 116?
116
Calculate the highest common factor of 41 and 4.
1
Calculate the greatest common divisor of 63 and 2709.
63
Calculate the greatest common factor of 28 and 175.
7
Calculate the highest common divisor of 8 and 3544.
8
Calculate the highest common divisor of 7378 and 14.
14
Calculate the highest common factor of 1480 and 40.
40
What is the highest common divisor of 312 and 72?
24
Calculate the greatest common factor of 122 and 3.
1
Calculate the highest common divisor of 1067 and 194.
97
Calculate the greatest common factor of 99 and 11.
11
Calculate the greatest common divisor of 57 and 1349.
19
Calculate the greatest common factor of 9 and 2493.
9
Calculate the highest common factor of 5214 and 66.
66
What is the greatest common factor of 7334 and 57?
19
Calculate the greatest common factor of 14762 and 122.
122
What is the greatest common divisor of 11 and 11?
11
What is the highest common factor of 399 and 304?
19
Calculate the greatest common divisor of 8 and 388.
4
What is the greates